 + 5)).
-28
Evaluate (-11 - -116 - 58) + -113.
-66
Calculate (156 + -4 - 1) + (-2 - (96 - 96)).
149
What is the value of (-3 - (-23 + 36)) + 11?
-5
Calculate 8 - 1 - (11 - 19) - (246 - 169).
-62
Evaluate -5 + -5 + (-2 - (-9 + -7)).
4
Calculate -312 + 271 - (-22 + 1).
-20
Evaluate -26 - ((80 - 82 - (-2 - 7)) + -7).
-26
Calculate 10 + ((37 - 62) + 36 - 19).
2
What is 54 + (-15 - -10) + 13?
62
What is 4 - (0 - -2) - (-22 + 40) - -1?
-15
What is 1 + 48 - (9741 - 9683)?
-9
Evaluate 18 - ((82 - 101) + (0 - -67)).
-30
What is the value of -43 + (-4 - -48) - (92 - 14)?
-77
Evaluate -75 - (127 + -102 + -3 + -20 - 3).
-74
Calculate -6 - (-15 - (29 - -15 - -3)) - 20.
36
Calculate 15 + 4 + 6 + -15 + (42 - -8).
60
What is the value of (0 - -2) + 7 - (-16 + 16) - 37?
-28
-71 - (6 + (-36 - 10))
-31
What is 61 + -62 + (5 - 46) + 3?
-39
-25 + 24 - (-11 + 1 + 41 + -115)
83
What is the value of (-14 + 41 - 13) + 3 - 28?
-11
What is the value of 7 + 7 + -5 + (6 - (-8 - 16)) + 4?
43
-135 + (5 - -135) + (-50 - -1)
-44
-20 + -6 + ((-4 - -20) + -26 - 2) + 12
-26
Evaluate 6 + 0 + 10 - (23 - (-19 - -57)).
31
What is the value of (-25 - -1) + 220 + 53 + -208?
41
What is 21 + (19 - -9 - (-23 + 11))?
61
Calculate 25544 - 25388 - (277 - -1).
-122
What is the value of 160 + -98 + -48 + 82?
96
Evaluate (-13 - 0) + (48 - 51) + (1 - 11).
-26
-112 - ((-78 - -16) + 5)
-55
What is the value of -3 + 4 + 30 + (437 - 524)?
-56
(0 - -4) + -1 + -21 + 1 + -8 - -8
-17
What is -52 + -12 + 16 + -8?
-56
Calculate -45 - (-24 - -9) - -11 - 27.
-46
Calculate -255 + 268 + 0 + -33 + 3.
-17
What is -18 + (-43 - -55) - 21?
-27
Calculate (-30 - 11) + 95 + -17.
37
-7 + (-5 + (-4 - -13) - -3) + -15
-15
What is 45 + (124 + -60 - 53)?
56
Calculate -56 - (-56 + -90 + 44).
46
Calculate -19 + -8 + (70 - 66).
-23
What is the value of -2 + 12 + (-15 - (5 - -5) - -9 - 40)?
-46
What is (49 - 155 - -81) + -84?
-109
What is the value of 4 + (-10 - (-11 - (8 + 2))) + 17?
32
What is (3 - (1 - 6 - -7)) + (-7 - -2) - 41?
-45
What is the value of 40 + (-24 - 11) + (5 - 17) + 4?
-3
What is the value of 59 - (204 + -55 + 6)?
-96
19 + (6 - 19 - (-16 + -13))
35
What is the value of 1 + -54 + (19856 - 19712)?
91
Evaluate 5 - (-14 - 0 - (85 - 54 - 67)).
-17
(25 - 71) + (-144 - -66)
-124
Calculate (4 - 55) + (-1 - (-8 - -2)) + (9 - 13).
-50
Evaluate 2 - (-66 + (-39 - (-50 + 36))).
93
What is -8 - (-6 + (12 - (11 + -9 - -4)) + -4)?
-4
What is the value of (216 - 63) + -299 + 253?
107
Calculate (-107 - (38 + -11 + -20)) + (6 + -1 - -2).
-107
What is -476 - -432 - (5 + -4)?
-45
What is -49 + (-53 - -63) + -8?
-47
9 + (1 + -57 - (5 - 18)) + -14
-48
Evaluate 41 + (96 + -47 - 50).
40
Calculate -70 + (16 + (-5 - (-22 + 13)) - 6).
-56
What is -64 + 2 - (-6104 + 5969)?
73
Calculate 93 + (128 - 100) + -36.
85
What is the value of 5 - 8 - (4 - (-115 + -1)) - (-186 + 186)?
-123
What is the value of -1 - 1 - -13 - (-1320 + 1351 - (0 + 23))?
3
What is the value of -5 + 2 + 27 + -33 + 27 + 2?
20
What is -7 + (12 - 58) + 2 + -10 + 5?
-56
What is the value of 11 + 29 + -1 + 1 + -2?
38
(-15 + 106 - 6) + (-235 - -197)
47
(15 - ((26 - 19) + 0)) + (-1 - 5)
2
What is the value of 1 + (-2 - (39 - 1) - (-84 + 72))?
-27
Evaluate -17 + 29 - 14 - (-10 + 6 + -7) - 44.
-35
-21 + -31 + (25 - (17 - 1))
-43
What is the value of (22 + -11 - 37) + 12 + -16?
-30
What is the value of 1 + -2 + 3 + ((-7 - -3) + 4 - 51)?
-49
What is the value of 75 + -4 + 181 + -178?
74
1 + ((0 - 0) + -15 - -2) - -26
14
What is the value of -6 - (-15 - (55 + -49 - (10 + 0)))?
5
What is (-63 - 24) + 62 + (0 - -1 - 0)?
-24
Evaluate 824 - 832 - ((-3 - -6) + -1 + -1 + -33).
24
What is the value of 47 - (-61 + 56 - -32)?
20
Calculate (107 + 53 - 62) + -150.
-52
(-12 - -3) + -19 + 25 + 10 - 20
-13
Evaluate -10 - ((22 + -16 - -6) + (-8 - 4)).
-10
What is (-3 - -81) + -24 - 28?
26
Evaluate 17 - (-115 - -38) - 5 - -25.
114
What is 20 - 38 - ((9 - (19 - 9)) + 11)?
-28
What is the value of 29 + -10 + -6 + 3?
16
Evaluate -5 + -1 - (33 + 14 + (31 - 87)).
3
Calculate -19 + 66 - 62 - -64.
49
-29 - ((2 - 13) + (-1 - (15 + -8)))
-10
Evaluate 13 + (-19 - -12) + 6 + -37.
-25
What is (-5 - 31) + (-21 - -58) + -27?
-26
Calculate 9 + 0 - ((59 - 27) + -60 + 35).
2
Evaluate (1251 - 1271) + 1 + 70.
51
What is the value of 1 + -1 - (12 + -4 - (11 - (11 + -19)))?
11
Calculate 28 + -96 + 64 + (-4 - 71).
-79
What is the value of (216 + -117 - 91) + (2 + (1 - -66) - -3)?
80
Calculate 139 + -1 - (33387 - 33121).
-128
(-65 - -120) + -22 + 4 - (-1 + -5 + -1)
44
What is (32 + 71 - 130) + 2 + -9 + 0?
-34
3 - (-4 - 8) - (10 - (12 + 2))
19
Calculate -9 + 17 + (12 - (35 - 13)).
-2
Calculate -4 - (6 - 2) - (-15 - 29).
36
What is the value of 224 + -227 - (41 + 11 + 7)?
-62
What is the value of -579 + 515 - (8 + -84)?
12
What is the value of -91 - -116 - (25 + -29)?
29
What is (10 - 0) + -32 + 13 + (-4 - -1)?
-12
What is the value of (16 - 4) + (34 - 22) - 85?
-61
What is the value of 0 + (-15 - -14 - (3 + -2 - -3)) + -48?
-53
Calculate -43 + (-30 - -54) - (-34 + 0).
15
What is the value of -11 + (-335 + 353 - (-23 - 2))?
32
Calculate (80 - 30 - 12) + -29.
9
What is -443 - -450 - (-41 + 1)?
47
0 - -3 - (-109 - (30 - 140))
2
Calculate (-22 - -15) + -31 + 61.
23
What is (12 - (57 - 22)) + 9 + -91?
-105
-63 + (1 - 22) + 47 + (-5 - -13)
-29
What is the value of 123 + -102 - -20 - 13?
28
What is the value of (-56 - -67) + 28 + -85?
-46
Calculate 49 - (-14 + 26 + 4 + (-1 - 4)).
38
What is the value of 12 - (-7 + -12 + 38) - (-12 + 2)?
3
What is (1 - -2) + -70 + (205 - 57)?
81
15 - (7 + 76 + -59)
-9
What is 2 + 4 + 1 + -1 + -12 - 2?
-8
What is 2 - (84 + (3 - 4) - -3) - (10959 + -10975)?
-68
What is 37 + -65 + 29 + 43 - -21?
65
Calculate (0 - -1) + -114 + 108 + 3 + (0 - 14).
-16
What is -148 - (-151 - -153 - 131)?
-19
What is the value of 3 - 30 - (8 - (11 + 22 - 20))?
-22
What is the value of (30 + 17 - 28) + -28 - 15?
-24
What is (1 + -4 - 41) + 122 + -137 + 20?
-39
(20 - (23 + -4)) + -27 + -16 + 7
-35
-30 + (-20 - -56 - -67)
73
What is the value of 39 + (17 - 37) + -24?
-5
Calculate 0 + 45 + 0 - (83 - (63 - -35)).
60
-7 - (-17 - 20 - -14) - -27
43
(56 + 61 - 117) + 24
24
-50 - (11 - (9 + (-9 - -20)))
-41
Calculate (48 - 37) + 4 + (-6 - 58).
-49
Evaluate 87 - (-68 + 16 - -72).
67
What is the value of (31 - (6 - -4)) + 78 + 0?
99
What is the value of (0 - -77) + 117 + -6 + -137?
51
What is the value of 132 - -1 - (379 - 224)?
-22
-21 - -42 - 17 - (-22 + -9 + 7)
28
(-1 + 62 - 0) + (-32 + 29 + -36 - -47)
69
What is 8 + 5 + -83 + 21 - (9 - (-3 + 2))?
-59
What is (15 - 5) + (24 - 35) + (3 - (36 - -2))?
-36
What is the value of (-1 - -6) + (-37 - 14) + 45?
-1
Calculate -11 - (-9 - -5) - (-5 + (-32 - 0)).
30
6 - (46 + -38) - (-2 - -19)
-19
Evaluate 54 - (0 - 6 - -23).
37
What is -20 + (-17 - (-15 + -3 + 2) - (9 - 0))?
-30
What is -57 - (-15 + -47 + 91 - (0 - -11))?
-75
What is the value of 80 - ((-60 - -43) + 57) - -34?
74
What is (47 - -1) + (32 - 40) + (-15 - -46)?
71
Evaluate (-6211 - -6222) + (-78 - 2) + -1.
-70
Evaluate -77 + (-2 - 67) + 244.
98
Evaluate 14 + 52 + -44 + -75.
-53
Calculate -26 - (-18 + 18 + 10 + 5).
-41
What is 122 - ((-74 - -150) + -32)?
78
What is (-227 + 121 - -99) + 37?
30
What is 43 + -16 + -9 + -59 + 13?
-28
Calculate (-6 - 5) + 15 + (6 - 1 - -70).
79
Evaluate 1 + -13 + (-83 - -185) + 5 + -25.
70
Evaluate -5 + -6 + (-3 - -84) + (7 - 9 - 10).
58
Calculate -11 - (2 - 7 - ((8 - 17) + -16)) - -11.
-20
Evaluate -5 + 124 + -125 + -10 + 0 - -11.
-5
Evaluate -17 - (-22 + -1 + 92 + -103).
17
52 - (-27 + 51 + 67)
-39
What is the value of (1 + -14 + 11 + 6 - 8) + -26?
-30
Calculate (1 - (1 - 1)) + (43 - 0) + (998 - 1084).
-42
9 + -14 + (10 + -2 - 8) + 2 - 109
-112
-33 - (-46 - (-43 + 19 + -12 + 12))
-11
Evaluate (1 - (-87 - (-1 + 0 - -3))) + -20 + 8.
78
What is -300 - (128 - 565) - (1 + 2 + 4)?
130
What is (-1 - -1) + (40 + -16 - 12) + (-70 - 41)?
-99
Calculate 14 - 5 - (41 - 21 - 12).
1
What is the value of 0 + 0 + (-3 - -13) + (-4 - (1 - 1))?
6
What is -8 - -20 - (1 - -8 - 11 - 93) - 12?
95
Calculate 95 + -73 - (17 + 2) - (42 - -1).
-40
Evaluate (21 - 43) + (-4 - 17) - -7.
-36
What is the value of -1 - (10 - 10) - (18 - (14 - 54))?
-59
Calculate 57 + 17 + -17 - 59.
-2
What is 4 + 25 + (34 - 30)?
33
What is